{"id":628,"date":"2022-01-19T09:40:52","date_gmt":"2022-01-19T09:40:52","guid":{"rendered":"https:\/\/startersites.io\/stagingthree\/?page_id=628"},"modified":"2025-07-04T09:50:19","modified_gmt":"2025-07-04T07:50:19","slug":"about-us","status":"publish","type":"page","link":"https:\/\/julienharlaut.com\/index.php\/about-us\/","title":{"rendered":"Julien Harlaut"},"content":{"rendered":"\n<figure class=\"wp-block-image alignfull size-full\"><img loading=\"lazy\" decoding=\"async\" width=\"1500\" height=\"512\" src=\"https:\/\/julienharlaut.com\/wp-content\/uploads\/2025\/06\/JH-long.jpg\" alt=\"\" class=\"wp-image-2382\" srcset=\"https:\/\/julienharlaut.com\/wp-content\/uploads\/2025\/06\/JH-long.jpg 1500w, https:\/\/julienharlaut.com\/wp-content\/uploads\/2025\/06\/JH-long-300x102.jpg 300w, https:\/\/julienharlaut.com\/wp-content\/uploads\/2025\/06\/JH-long-1024x350.jpg 1024w, https:\/\/julienharlaut.com\/wp-content\/uploads\/2025\/06\/JH-long-768x262.jpg 768w, https:\/\/julienharlaut.com\/wp-content\/uploads\/2025\/06\/JH-long-600x205.jpg 600w\" sizes=\"auto, (max-width: 1500px) 100vw, 1500px\" \/><\/figure>\n\n\n\n<div class=\"wp-block-stackable-spacer stk-block-spacer stk--no-padding stk-block stk-c003d22\" data-block-id=\"c003d22\"><style>.stk-c003d22 {height:50px !important;}@media screen and (max-width:689px){.stk-c003d22 {height:20px !important;}}<\/style><\/div>\n\n\n\n<div class=\"wp-block-stackable-heading stk-block-heading stk-block-heading--v2 stk-block stk-cc405c3\" id=\"mon-parcours\" data-block-id=\"cc405c3\"><h2 class=\"stk-block-heading__text has-text-align-center-mobile\">Mon Parcours<\/h2><\/div>\n\n\n\n<div class=\"wp-block-stackable-columns stk-block-columns stk-block stk-e9fb440\" data-block-id=\"e9fb440\"><style>.stk-e9fb440 {margin-bottom:0px !important;}.stk-e9fb440-column{--stk-column-gap:30px !important;}@media screen and (max-width:689px){.stk-e9fb440-column{row-gap:50px !important;}}<\/style><div class=\"stk-row stk-inner-blocks stk-block-content stk-content-align stk-e9fb440-column\">\n<div class=\"wp-block-stackable-column stk-block-column stk-column stk-block stk-3d0787d\" data-v=\"4\" data-block-id=\"3d0787d\"><style>.stk-3d0787d-container{margin-top:0px !important;margin-right:0px !important;margin-bottom:0px !important;margin-left:0px !important;}@media screen and (min-width:690px){.stk-3d0787d {flex:var(--stk-flex-grow, 1) 1 calc(61.6% - var(--stk-column-gap, 0px) * 1 \/ 2 ) !important;}}<\/style><div class=\"stk-column-wrapper stk-block-column__content stk-container stk-3d0787d-container stk--no-background stk--no-padding\"><div class=\"stk-block-content stk-inner-blocks stk-3d0787d-inner-blocks\">\n<div class=\"wp-block-stackable-text stk-block-text stk-block stk-d22a686\" data-block-id=\"d22a686\"><p class=\"stk-block-text__text has-text-align-justify has-text-align-center-mobile\">Photographe amateur depuis fin 2013, c\u2019est seulement quelques jours apr\u00e8s avoir achet\u00e9 mon 1er appareil photo, que je me suis passionn\u00e9 pour l\u2019exploration de lieux oubli\u00e9s de tous.<\/p><\/div>\n\n\n\n<p class=\"has-text-align-left\">Recueillir et visiter ces lieux avant qu\u2019ils ne disparaissent, ne soient d\u00e9truits ou d\u00e9grad\u00e9s, et en comprendre leurs histoires, savoir ce qui s\u2019y est pass\u00e9, \u00e0 quoi cela a t-il servi, qui y habitait et pourquoi en est on arriv\u00e9 l\u00e0 ? C\u2019est dans cette optique que mon travail s\u2019oriente.<\/p>\n\n\n\n<p>Respecter ces lieux, en y laissant uniquement mes empreintes de pas, n\u2019y prendre que des photos et y p\u00e9n\u00e9trer seulement si cela m\u2019en est possible et surtout n\u2019en d\u00e9voiler ni la localisation, ni d\u2019informations susceptibles d\u2019aider \u00e0 en retrouver la trace et ce afin d\u2019\u00e9viter tout pillage ou toute d\u00e9gradation.<\/p>\n<\/div><\/div><\/div>\n\n\n\n<div class=\"wp-block-stackable-column stk-block-column stk-column stk-block stk-ec967e2\" data-v=\"4\" data-block-id=\"ec967e2\"><style>.stk-ec967e2-container{margin-top:0px !important;margin-right:0px !important;margin-bottom:0px !important;margin-left:0px !important;}@media screen and (min-width:690px){.stk-ec967e2 {flex:var(--stk-flex-grow, 1) 1 calc(38.4% - var(--stk-column-gap, 0px) * 1 \/ 2 ) !important;}}<\/style><div class=\"stk-column-wrapper stk-block-column__content stk-container stk-ec967e2-container stk--no-background stk--no-padding\"><div class=\"stk-block-content stk-inner-blocks stk-ec967e2-inner-blocks\">\n<div class=\"wp-block-stackable-image stk-block-image stk-block stk-46e32a3\" data-block-id=\"46e32a3\"><style>.stk-46e32a3 .stk-img-wrapper{height:305px !important;}.stk-46e32a3 .stk-img-wrapper img{object-position:40% 2% !important;}<\/style><figure><span class=\"stk-img-wrapper stk-image--shape-stretch\"><img loading=\"lazy\" decoding=\"async\" class=\"stk-img wp-image-909\" src=\"https:\/\/julienharlaut.com\/wp-content\/uploads\/2025\/05\/DSC05727-HDR-copie.jpg\" width=\"1619\" height=\"1080\" alt=\"Photographie de l'int\u00e9rieur de l'Op\u00e9ra de Reims.\" srcset=\"https:\/\/julienharlaut.com\/wp-content\/uploads\/2025\/05\/DSC05727-HDR-copie.jpg 1619w, https:\/\/julienharlaut.com\/wp-content\/uploads\/2025\/05\/DSC05727-HDR-copie-600x400.jpg 600w, https:\/\/julienharlaut.com\/wp-content\/uploads\/2025\/05\/DSC05727-HDR-copie-300x200.jpg 300w, https:\/\/julienharlaut.com\/wp-content\/uploads\/2025\/05\/DSC05727-HDR-copie-1024x683.jpg 1024w, https:\/\/julienharlaut.com\/wp-content\/uploads\/2025\/05\/DSC05727-HDR-copie-768x512.jpg 768w, https:\/\/julienharlaut.com\/wp-content\/uploads\/2025\/05\/DSC05727-HDR-copie-1536x1025.jpg 1536w\" sizes=\"auto, (max-width: 1619px) 100vw, 1619px\" \/><\/span><\/figure><\/div>\n<\/div><\/div><\/div>\n<\/div><\/div>\n\n\n\n<div class=\"wp-block-stackable-spacer stk-block-spacer stk--no-padding stk-block stk-d95c64c\" data-block-id=\"d95c64c\"><style>.stk-d95c64c {height:100px !important;}@media screen and (max-width:999px){.stk-d95c64c {height:80px !important;}}<\/style><\/div>\n\n\n\n<div class=\"wp-block-stackable-heading stk-block-heading stk-block-heading--v2 stk-block stk-9df6c02\" id=\"ma-vision\" data-block-id=\"9df6c02\"><style>.stk-9df6c02 {margin-bottom:40px !important;}<\/style><h2 class=\"stk-block-heading__text has-text-align-center has-text-align-center-mobile\">Ma vision<\/h2><\/div>\n\n\n\n<div class=\"wp-block-stackable-text stk-block-text stk-block stk-6af9a4b\" data-block-id=\"6af9a4b\"><p class=\"stk-block-text__text\">Faites appel \u00e0 votre m\u00e9moire, regardez un peu plus autour de vous chaque jour, et vous verrez que de nombreux lieux qui nous entourent semblent avoir \u00e9t\u00e9 oubli\u00e9s aux yeux de tous\u2026.<\/p><\/div>\n\n\n\n<p>Ces images ont l\u2019\u00e9paisseur plate d\u2019une photo mais la profondeur infinie d\u2019une \u00e2me.&nbsp;Cette \u00e2me, Julien l\u2019offre comme une fen\u00eatre sur ses \u00e9motions. Morts ou vivants, tout est respect\u00e9.<\/p>\n\n\n\n<p>Et puis\u2026 finalement tout est vivant \u00e0 partir du moment o\u00f9 il est aim\u00e9. C\u2019est un peu les fant\u00f4mes&nbsp;qui habitent notre photographe. Faire jaillir le pass\u00e9 au pr\u00e9sent tout en respectant le temps, les lieux,&nbsp;les \u00eatres. Un monde ou l\u2019amateur n\u2019existe pas, et o\u00f9 l\u2019\u00e2me-actrice nous envoute.<\/p>\n\n\n\n<div class=\"wp-block-stackable-spacer stk-block-spacer stk--no-padding stk-block stk-3ec9e5f\" data-block-id=\"3ec9e5f\"><style>.stk-3ec9e5f {height:50px !important;}<\/style><\/div>\n\n\n\n<div class=\"wp-block-stackable-feature alignfull stk-block-feature stk-block stk-ac3f6de is-style-horizontal\" data-v=\"2\" data-block-id=\"ac3f6de\"><style>.stk-ac3f6de {--stk-feature-flex-wrap:nowrap !important;}<\/style><div class=\"stk-content-align stk-ac3f6de-column alignwide stk-container stk-ac3f6de-container stk--no-background stk--no-padding\"><div class=\"stk-inner-blocks stk-block-content stk-row\">\n<div class=\"wp-block-stackable-column stk-block-column stk-column stk-block stk-c977279\" data-v=\"4\" data-block-id=\"c977279\"><style>.stk-c977279 {align-self:center !important;}<\/style><div class=\"stk-column-wrapper stk-block-column__content stk-container stk-c977279-container stk--no-background stk--no-padding\"><div class=\"stk-block-content stk-inner-blocks stk-c977279-inner-blocks\"><\/div><\/div><\/div>\n\n\n\n<div class=\"wp-block-stackable-column stk-block-column stk-column stk-block stk-5a42142\" data-v=\"4\" data-block-id=\"5a42142\"><style>.stk-5a42142 {align-self:center !important;}<\/style><div class=\"stk-column-wrapper stk-block-column__content stk-container stk-5a42142-container stk--no-background stk--no-padding\"><div class=\"stk-block-content stk-inner-blocks stk-5a42142-inner-blocks\">\n<div class=\"wp-block-stackable-image stk-block-image stk-block stk-1da3229\" data-block-id=\"1da3229\"><\/div>\n<\/div><\/div><\/div>\n<\/div><\/div><\/div>\n\n\n\n<div class=\"wp-block-stackable-button-group stk-block-button-group stk-block stk-9b9f017\" data-block-id=\"9b9f017\"><div class=\"stk-row stk-inner-blocks has-text-align-center stk-block-content stk-button-group\">\n<div class=\"wp-block-stackable-icon-button stk-block-icon-button stk-block stk-a71b776\" data-block-id=\"a71b776\"><style>.stk-a71b776 .stk-button{background:#3b5998 !important;}<\/style><a class=\"stk-link stk-button stk--hover-effect-darken\" href=\"https:\/\/www.facebook.com\/julienharlautphotographie\/?locale=fr_FR\" target=\"_blank\" rel=\"noreferrer noopener\"><span class=\"stk--svg-wrapper\"><div class=\"stk--inner-svg\"><svg data-prefix=\"fab\" data-icon=\"facebook-square\" class=\"svg-inline--fa fa-facebook-square fa-w-14\" xmlns=\"http:\/\/www.w3.org\/2000\/svg\" viewBox=\"0 0 448 512\" aria-hidden=\"true\" width=\"32\" height=\"32\"><path fill=\"currentColor\" d=\"M400 32H48A48 48 0 0 0 0 80v352a48 48 0 0 0 48 48h137.25V327.69h-63V256h63v-54.64c0-62.15 37-96.48 93.67-96.48 27.14 0 55.52 4.84 55.52 4.84v61h-31.27c-30.81 0-40.42 19.12-40.42 38.73V256h68.78l-11 71.69h-57.78V480H400a48 48 0 0 0 48-48V80a48 48 0 0 0-48-48z\"><\/path><\/svg><\/div><\/span><\/a><\/div>\n\n\n\n<div class=\"wp-block-stackable-icon-button stk-block-icon-button stk-block stk-6af7044\" data-block-id=\"6af7044\"><style>.stk-6af7044 .stk-button{background:#c13584 !important;}<\/style><a class=\"stk-link stk-button stk--hover-effect-darken\" href=\"https:\/\/www.instagram.com\/julien_hlt\/?hl=fr\" target=\"_blank\" rel=\"noreferrer noopener\"><span class=\"stk--svg-wrapper\"><div class=\"stk--inner-svg\"><svg data-prefix=\"fab\" data-icon=\"instagram\" class=\"svg-inline--fa fa-instagram fa-w-14\" xmlns=\"http:\/\/www.w3.org\/2000\/svg\" viewBox=\"0 0 448 512\" aria-hidden=\"true\" width=\"32\" height=\"32\"><path fill=\"currentColor\" d=\"M224.1 141c-63.6 0-114.9 51.3-114.9 114.9s51.3 114.9 114.9 114.9S339 319.5 339 255.9 287.7 141 224.1 141zm0 189.6c-41.1 0-74.7-33.5-74.7-74.7s33.5-74.7 74.7-74.7 74.7 33.5 74.7 74.7-33.6 74.7-74.7 74.7zm146.4-194.3c0 14.9-12 26.8-26.8 26.8-14.9 0-26.8-12-26.8-26.8s12-26.8 26.8-26.8 26.8 12 26.8 26.8zm76.1 27.2c-1.7-35.9-9.9-67.7-36.2-93.9-26.2-26.2-58-34.4-93.9-36.2-37-2.1-147.9-2.1-184.9 0-35.8 1.7-67.6 9.9-93.9 36.1s-34.4 58-36.2 93.9c-2.1 37-2.1 147.9 0 184.9 1.7 35.9 9.9 67.7 36.2 93.9s58 34.4 93.9 36.2c37 2.1 147.9 2.1 184.9 0 35.9-1.7 67.7-9.9 93.9-36.2 26.2-26.2 34.4-58 36.2-93.9 2.1-37 2.1-147.8 0-184.8zM398.8 388c-7.8 19.6-22.9 34.7-42.6 42.6-29.5 11.7-99.5 9-132.1 9s-102.7 2.6-132.1-9c-19.6-7.8-34.7-22.9-42.6-42.6-11.7-29.5-9-99.5-9-132.1s-2.6-102.7 9-132.1c7.8-19.6 22.9-34.7 42.6-42.6 29.5-11.7 99.5-9 132.1-9s102.7-2.6 132.1 9c19.6 7.8 34.7 22.9 42.6 42.6 11.7 29.5 9 99.5 9 132.1s2.7 102.7-9 132.1z\"><\/path><\/svg><\/div><\/span><\/a><\/div>\n\n\n\n<div class=\"wp-block-stackable-icon-button stk-block-icon-button stk-block stk-7e889c7\" data-block-id=\"7e889c7\"><style>.stk-7e889c7 .stk-button{background:#0e76a8 !important;}<\/style><a class=\"stk-link stk-button stk--hover-effect-darken\" href=\"https:\/\/www.linkedin.com\/in\/julienharlaut\/?originalSubdomain=fr\" target=\"_blank\" rel=\"noreferrer noopener\"><span class=\"stk--svg-wrapper\"><div class=\"stk--inner-svg\"><svg data-prefix=\"fab\" data-icon=\"linkedin-in\" class=\"svg-inline--fa fa-linkedin-in fa-w-14\" xmlns=\"http:\/\/www.w3.org\/2000\/svg\" viewBox=\"0 0 448 512\" aria-hidden=\"true\" width=\"32\" height=\"32\"><path fill=\"currentColor\" d=\"M100.28 448H7.4V148.9h92.88zM53.79 108.1C24.09 108.1 0 83.5 0 53.8a53.79 53.79 0 0 1 107.58 0c0 29.7-24.1 54.3-53.79 54.3zM447.9 448h-92.68V302.4c0-34.7-.7-79.2-48.29-79.2-48.29 0-55.69 37.7-55.69 76.7V448h-92.78V148.9h89.08v40.8h1.3c12.4-23.5 42.69-48.3 87.88-48.3 94 0 111.28 61.9 111.28 142.3V448z\"><\/path><\/svg><\/div><\/span><\/a><\/div>\n<\/div><\/div>\n\n\n\n<p><\/p>\n","protected":false},"excerpt":{"rendered":"<p>Mon Parcours Photographe amateur depuis fin 2013, c\u2019est seulement quelques jours apr\u00e8s avoir achet\u00e9 mon 1er appareil photo, que je me suis passionn\u00e9 pour l\u2019exploration de lieux oubli\u00e9s de tous. Recueillir et visiter ces lieux avant qu\u2019ils ne disparaissent, ne soient d\u00e9truits ou d\u00e9grad\u00e9s, et en comprendre leurs histoires, savoir ce qui s\u2019y est pass\u00e9, [&hellip;]<\/p>\n","protected":false},"author":1,"featured_media":0,"parent":0,"menu_order":0,"comment_status":"closed","ping_status":"closed","template":"","meta":{"footnotes":""},"class_list":["post-628","page","type-page","status-publish","hentry"],"blocksy_meta":{"styles_descriptor":{"styles":{"desktop":"","tablet":"","mobile":""},"google_fonts":[],"version":6}},"yoast_head":"<!-- This site is optimized with the Yoast SEO plugin v26.7 - https:\/\/yoast.com\/wordpress\/plugins\/seo\/ -->\n<title>Julien Harlaut - Julien Harlaut Photographie<\/title>\n<meta name=\"robots\" content=\"index, follow, max-snippet:-1, max-image-preview:large, max-video-preview:-1\" \/>\n<link rel=\"canonical\" href=\"https:\/\/julienharlaut.com\/index.php\/about-us\/\" \/>\n<meta property=\"og:locale\" content=\"fr_FR\" \/>\n<meta property=\"og:type\" content=\"article\" \/>\n<meta property=\"og:title\" content=\"Julien Harlaut - Julien Harlaut Photographie\" \/>\n<meta property=\"og:description\" content=\"Mon Parcours Photographe amateur depuis fin 2013, c\u2019est seulement quelques jours apr\u00e8s avoir achet\u00e9 mon 1er appareil photo, que je me suis passionn\u00e9 pour l\u2019exploration de lieux oubli\u00e9s de tous. Recueillir et visiter ces lieux avant qu\u2019ils ne disparaissent, ne soient d\u00e9truits ou d\u00e9grad\u00e9s, et en comprendre leurs histoires, savoir ce qui s\u2019y est pass\u00e9, [&hellip;]\" \/>\n<meta property=\"og:url\" content=\"https:\/\/julienharlaut.com\/index.php\/about-us\/\" \/>\n<meta property=\"og:site_name\" content=\"Julien Harlaut Photographie\" \/>\n<meta property=\"article:publisher\" content=\"https:\/\/www.facebook.com\/julienharlautphotographie\/?locale=fr_FR\" \/>\n<meta property=\"article:modified_time\" content=\"2025-07-04T07:50:19+00:00\" \/>\n<meta property=\"og:image\" content=\"https:\/\/julienharlaut.com\/wp-content\/uploads\/2025\/06\/JH-long.jpg\" \/>\n\t<meta property=\"og:image:width\" content=\"1500\" \/>\n\t<meta property=\"og:image:height\" content=\"512\" \/>\n\t<meta property=\"og:image:type\" content=\"image\/jpeg\" \/>\n<meta name=\"twitter:card\" content=\"summary_large_image\" \/>\n<meta name=\"twitter:label1\" content=\"Dur\u00e9e de lecture estim\u00e9e\" \/>\n\t<meta name=\"twitter:data1\" content=\"1 minute\" \/>\n<script type=\"application\/ld+json\" class=\"yoast-schema-graph\">{\"@context\":\"https:\/\/schema.org\",\"@graph\":[{\"@type\":\"WebPage\",\"@id\":\"https:\/\/julienharlaut.com\/index.php\/about-us\/\",\"url\":\"https:\/\/julienharlaut.com\/index.php\/about-us\/\",\"name\":\"Julien Harlaut - Julien Harlaut Photographie\",\"isPartOf\":{\"@id\":\"https:\/\/julienharlaut.com\/#website\"},\"primaryImageOfPage\":{\"@id\":\"https:\/\/julienharlaut.com\/index.php\/about-us\/#primaryimage\"},\"image\":{\"@id\":\"https:\/\/julienharlaut.com\/index.php\/about-us\/#primaryimage\"},\"thumbnailUrl\":\"https:\/\/julienharlaut.com\/wp-content\/uploads\/2025\/06\/JH-long.jpg\",\"datePublished\":\"2022-01-19T09:40:52+00:00\",\"dateModified\":\"2025-07-04T07:50:19+00:00\",\"breadcrumb\":{\"@id\":\"https:\/\/julienharlaut.com\/index.php\/about-us\/#breadcrumb\"},\"inLanguage\":\"fr-FR\",\"potentialAction\":[{\"@type\":\"ReadAction\",\"target\":[\"https:\/\/julienharlaut.com\/index.php\/about-us\/\"]}]},{\"@type\":\"ImageObject\",\"inLanguage\":\"fr-FR\",\"@id\":\"https:\/\/julienharlaut.com\/index.php\/about-us\/#primaryimage\",\"url\":\"https:\/\/julienharlaut.com\/wp-content\/uploads\/2025\/06\/JH-long.jpg\",\"contentUrl\":\"https:\/\/julienharlaut.com\/wp-content\/uploads\/2025\/06\/JH-long.jpg\",\"width\":1500,\"height\":512},{\"@type\":\"BreadcrumbList\",\"@id\":\"https:\/\/julienharlaut.com\/index.php\/about-us\/#breadcrumb\",\"itemListElement\":[{\"@type\":\"ListItem\",\"position\":1,\"name\":\"Accueil\",\"item\":\"https:\/\/julienharlaut.com\/\"},{\"@type\":\"ListItem\",\"position\":2,\"name\":\"Julien Harlaut\"}]},{\"@type\":\"WebSite\",\"@id\":\"https:\/\/julienharlaut.com\/#website\",\"url\":\"https:\/\/julienharlaut.com\/\",\"name\":\"Julien Harlaut Photographie\",\"description\":\"\",\"publisher\":{\"@id\":\"https:\/\/julienharlaut.com\/#\/schema\/person\/ac9683541957274584a9797df14ae7d9\"},\"potentialAction\":[{\"@type\":\"SearchAction\",\"target\":{\"@type\":\"EntryPoint\",\"urlTemplate\":\"https:\/\/julienharlaut.com\/?s={search_term_string}\"},\"query-input\":{\"@type\":\"PropertyValueSpecification\",\"valueRequired\":true,\"valueName\":\"search_term_string\"}}],\"inLanguage\":\"fr-FR\"},{\"@type\":[\"Person\",\"Organization\"],\"@id\":\"https:\/\/julienharlaut.com\/#\/schema\/person\/ac9683541957274584a9797df14ae7d9\",\"name\":\"Julien Harlaut\",\"image\":{\"@type\":\"ImageObject\",\"inLanguage\":\"fr-FR\",\"@id\":\"https:\/\/julienharlaut.com\/#\/schema\/person\/image\/\",\"url\":\"https:\/\/julienharlaut.com\/wp-content\/uploads\/2025\/05\/Julien_Harlaut_Profil.jpg\",\"contentUrl\":\"https:\/\/julienharlaut.com\/wp-content\/uploads\/2025\/05\/Julien_Harlaut_Profil.jpg\",\"width\":1310,\"height\":1366,\"caption\":\"Julien Harlaut\"},\"logo\":{\"@id\":\"https:\/\/julienharlaut.com\/#\/schema\/person\/image\/\"},\"sameAs\":[\"https:\/\/www.facebook.com\/julienharlautphotographie\/?locale=fr_FR\",\"https:\/\/www.instagram.com\/consent\/?flow=ad_free_subscription&params_json=afs_variantfirst_timegcl_experience_id205d4698-3e11-45fb-972f-9b35689a61f7&source=ad_free_subscription_blocking_flow\",\"https:\/\/www.linkedin.com\/in\/julienharlaut\"]}]}<\/script>\n<!-- \/ Yoast SEO plugin. -->","yoast_head_json":{"title":"Julien Harlaut - Julien Harlaut Photographie","robots":{"index":"index","follow":"follow","max-snippet":"max-snippet:-1","max-image-preview":"max-image-preview:large","max-video-preview":"max-video-preview:-1"},"canonical":"https:\/\/julienharlaut.com\/index.php\/about-us\/","og_locale":"fr_FR","og_type":"article","og_title":"Julien Harlaut - Julien Harlaut Photographie","og_description":"Mon Parcours Photographe amateur depuis fin 2013, c\u2019est seulement quelques jours apr\u00e8s avoir achet\u00e9 mon 1er appareil photo, que je me suis passionn\u00e9 pour l\u2019exploration de lieux oubli\u00e9s de tous. Recueillir et visiter ces lieux avant qu\u2019ils ne disparaissent, ne soient d\u00e9truits ou d\u00e9grad\u00e9s, et en comprendre leurs histoires, savoir ce qui s\u2019y est pass\u00e9, [&hellip;]","og_url":"https:\/\/julienharlaut.com\/index.php\/about-us\/","og_site_name":"Julien Harlaut Photographie","article_publisher":"https:\/\/www.facebook.com\/julienharlautphotographie\/?locale=fr_FR","article_modified_time":"2025-07-04T07:50:19+00:00","og_image":[{"width":1500,"height":512,"url":"https:\/\/julienharlaut.com\/wp-content\/uploads\/2025\/06\/JH-long.jpg","type":"image\/jpeg"}],"twitter_card":"summary_large_image","twitter_misc":{"Dur\u00e9e de lecture estim\u00e9e":"1 minute"},"schema":{"@context":"https:\/\/schema.org","@graph":[{"@type":"WebPage","@id":"https:\/\/julienharlaut.com\/index.php\/about-us\/","url":"https:\/\/julienharlaut.com\/index.php\/about-us\/","name":"Julien Harlaut - Julien Harlaut Photographie","isPartOf":{"@id":"https:\/\/julienharlaut.com\/#website"},"primaryImageOfPage":{"@id":"https:\/\/julienharlaut.com\/index.php\/about-us\/#primaryimage"},"image":{"@id":"https:\/\/julienharlaut.com\/index.php\/about-us\/#primaryimage"},"thumbnailUrl":"https:\/\/julienharlaut.com\/wp-content\/uploads\/2025\/06\/JH-long.jpg","datePublished":"2022-01-19T09:40:52+00:00","dateModified":"2025-07-04T07:50:19+00:00","breadcrumb":{"@id":"https:\/\/julienharlaut.com\/index.php\/about-us\/#breadcrumb"},"inLanguage":"fr-FR","potentialAction":[{"@type":"ReadAction","target":["https:\/\/julienharlaut.com\/index.php\/about-us\/"]}]},{"@type":"ImageObject","inLanguage":"fr-FR","@id":"https:\/\/julienharlaut.com\/index.php\/about-us\/#primaryimage","url":"https:\/\/julienharlaut.com\/wp-content\/uploads\/2025\/06\/JH-long.jpg","contentUrl":"https:\/\/julienharlaut.com\/wp-content\/uploads\/2025\/06\/JH-long.jpg","width":1500,"height":512},{"@type":"BreadcrumbList","@id":"https:\/\/julienharlaut.com\/index.php\/about-us\/#breadcrumb","itemListElement":[{"@type":"ListItem","position":1,"name":"Accueil","item":"https:\/\/julienharlaut.com\/"},{"@type":"ListItem","position":2,"name":"Julien Harlaut"}]},{"@type":"WebSite","@id":"https:\/\/julienharlaut.com\/#website","url":"https:\/\/julienharlaut.com\/","name":"Julien Harlaut Photographie","description":"","publisher":{"@id":"https:\/\/julienharlaut.com\/#\/schema\/person\/ac9683541957274584a9797df14ae7d9"},"potentialAction":[{"@type":"SearchAction","target":{"@type":"EntryPoint","urlTemplate":"https:\/\/julienharlaut.com\/?s={search_term_string}"},"query-input":{"@type":"PropertyValueSpecification","valueRequired":true,"valueName":"search_term_string"}}],"inLanguage":"fr-FR"},{"@type":["Person","Organization"],"@id":"https:\/\/julienharlaut.com\/#\/schema\/person\/ac9683541957274584a9797df14ae7d9","name":"Julien Harlaut","image":{"@type":"ImageObject","inLanguage":"fr-FR","@id":"https:\/\/julienharlaut.com\/#\/schema\/person\/image\/","url":"https:\/\/julienharlaut.com\/wp-content\/uploads\/2025\/05\/Julien_Harlaut_Profil.jpg","contentUrl":"https:\/\/julienharlaut.com\/wp-content\/uploads\/2025\/05\/Julien_Harlaut_Profil.jpg","width":1310,"height":1366,"caption":"Julien Harlaut"},"logo":{"@id":"https:\/\/julienharlaut.com\/#\/schema\/person\/image\/"},"sameAs":["https:\/\/www.facebook.com\/julienharlautphotographie\/?locale=fr_FR","https:\/\/www.instagram.com\/consent\/?flow=ad_free_subscription&params_json=afs_variantfirst_timegcl_experience_id205d4698-3e11-45fb-972f-9b35689a61f7&source=ad_free_subscription_blocking_flow","https:\/\/www.linkedin.com\/in\/julienharlaut"]}]}},"jetpack_sharing_enabled":true,"_links":{"self":[{"href":"https:\/\/julienharlaut.com\/index.php\/wp-json\/wp\/v2\/pages\/628","targetHints":{"allow":["GET"]}}],"collection":[{"href":"https:\/\/julienharlaut.com\/index.php\/wp-json\/wp\/v2\/pages"}],"about":[{"href":"https:\/\/julienharlaut.com\/index.php\/wp-json\/wp\/v2\/types\/page"}],"author":[{"embeddable":true,"href":"https:\/\/julienharlaut.com\/index.php\/wp-json\/wp\/v2\/users\/1"}],"replies":[{"embeddable":true,"href":"https:\/\/julienharlaut.com\/index.php\/wp-json\/wp\/v2\/comments?post=628"}],"version-history":[{"count":4,"href":"https:\/\/julienharlaut.com\/index.php\/wp-json\/wp\/v2\/pages\/628\/revisions"}],"predecessor-version":[{"id":2795,"href":"https:\/\/julienharlaut.com\/index.php\/wp-json\/wp\/v2\/pages\/628\/revisions\/2795"}],"wp:attachment":[{"href":"https:\/\/julienharlaut.com\/index.php\/wp-json\/wp\/v2\/media?parent=628"}],"curies":[{"name":"wp","href":"https:\/\/api.w.org\/{rel}","templated":true}]}}